{"id":100,"date":"2017-11-03T18:56:00","date_gmt":"2017-11-03T17:56:00","guid":{"rendered":"http:\/\/soalandy.com\/?page_id=100"},"modified":"2025-01-19T13:11:16","modified_gmt":"2025-01-19T12:11:16","slug":"galerie","status":"publish","type":"page","link":"https:\/\/soalandy.com\/","title":{"rendered":""},"content":{"rendered":"<p>Je suis Soalandy Rabeson, graphiste multim\u00e9dia sp\u00e9cialis\u00e9e en motion design. Diplom\u00e9e de LISAA Design Paris.<\/p>\n<p><strong>Animations<\/strong><\/p>\n<div style=\"float: left; width: 46%;\">\n<div style=\"padding: 56.25% 0 0 0; position: relative;\"><iframe style=\"position: absolute; top: 0; left: 0; width: 100%; height: 100%;\" title=\"Y&amp;#039;acajouer\" src=\"https:\/\/player.vimeo.com\/video\/589929365?badge=0&amp;autopause=0&amp;player_id=0&amp;app_id=58479&amp;h=cc8d7b3b0b\" frameborder=\"0\" allowfullscreen=\"allowfullscreen\"><\/iframe><\/div>\n<p><script src=\"https:\/\/player.vimeo.com\/api\/player.js\"><\/script><\/p>\n<ul>\n<li>Projet de stage, cr\u00e9ation de trois vid\u00e9os autour du concept de <a href=\"https:\/\/yacajouer.com\">Y&rsquo;acajouer<\/a>.&nbsp;<\/li>\n<\/ul>\n<div style=\"padding: 56.25% 0 0 0; position: relative;\"><iframe style=\"position: absolute; top: 0; left: 0; width: 100%; height: 100%;\" title=\"G&amp;eacute;n&amp;eacute;rique Singin&amp;#039; In The Rain\" src=\"https:\/\/player.vimeo.com\/video\/479250106?badge=0&amp;autopause=0&amp;player_id=0&amp;app_id=58479&amp;h=7a53262b4a\" frameborder=\"0\" allowfullscreen=\"allowfullscreen\"><\/iframe><\/div>\n<p><script src=\"https:\/\/player.vimeo.com\/api\/player.js\"><\/script><\/p>\n<ul>\n<li>Travail en groupe sur le g\u00e9n\u00e9rique de film, projet de fin d&rsquo;ann\u00e9e en 2\u00e8me ann\u00e9e de motion design \u00e0 LISAA.<\/li>\n<\/ul>\n<div style=\"padding: 56.25% 0 0 0; position: relative;\"><iframe style=\"position: absolute; top: 0; left: 0; width: 100%; height: 100%;\" title=\"Abstraction\" src=\"https:\/\/player.vimeo.com\/video\/379719542?badge=0&amp;autopause=0&amp;player_id=0&amp;app_id=58479&amp;h=6d88ad15cd\" frameborder=\"0\" allowfullscreen=\"allowfullscreen\"><\/iframe><\/div>\n<p><script src=\"https:\/\/player.vimeo.com\/api\/player.js\"><\/script><\/p>\n<ul>\n<li>Travail seul sur l&rsquo;abstraction en 2\u00e8me ann\u00e9e de motion design \u00e0 LISAA.<\/li>\n<\/ul>\n<div style=\"padding: 56.25% 0 0 0; position: relative;\"><iframe style=\"position: absolute; top: 0; left: 0; width: 100%; height: 100%;\" title=\"Eveil\" src=\"https:\/\/player.vimeo.com\/video\/152709390?badge=0&amp;autopause=0&amp;player_id=0&amp;app_id=58479&amp;h=197a160e3c\" frameborder=\"0\" allowfullscreen=\"allowfullscreen\"><\/iframe><\/div>\n<p><script src=\"https:\/\/player.vimeo.com\/api\/player.js\"><\/script><\/p>\n<ul>\n<li>Travail en groupe sur \u00ab\u00a0le Carnaval des Animaux\u00a0\u00bb par Camille Saint-Saens. En charge de l&rsquo;animation et des chara designs des oiseaux.<\/li>\n<\/ul>\n<\/div>\n<div style=\"float: right; width: 46%;\">\n<div style=\"padding: 56.25% 0 0 0; position: relative;\"><iframe style=\"position: absolute; top: 0; left: 0; width: 100%; height: 100%;\" title=\"STONEWALL: Les origines de la Pride\" src=\"https:\/\/player.vimeo.com\/video\/565584619?badge=0&amp;autopause=0&amp;player_id=0&amp;app_id=58479&amp;h=e6bd3495b7\" frameborder=\"0\" allowfullscreen=\"allowfullscreen\"><\/iframe><\/div>\n<p><script src=\"https:\/\/player.vimeo.com\/api\/player.js\"><\/script><\/p>\n<ul>\n<li>Projet de fin d&rsquo;\u00e9tudes, STONEWALL: Les origines de la Pride. Vid\u00e9o t\u00e9moignage sur les \u00e9meutes de Stonewall, qui ont commenc\u00e9 le 28 Juin 1969 au bar de Stonewall dans le Greenwich Village \u00e0 New York.<\/li>\n<\/ul>\n<div style=\"padding: 56.25% 0 0 0; position: relative;\"><iframe style=\"position: absolute; top: 0; left: 0; width: 100%; height: 100%;\" title=\"Book Trailer Snotgirl\" src=\"https:\/\/player.vimeo.com\/video\/552758218?badge=0&amp;autopause=0&amp;player_id=0&amp;app_id=58479&amp;h=c4b169780b\" frameborder=\"0\" allowfullscreen=\"allowfullscreen\"><\/iframe><\/div>\n<p><script src=\"https:\/\/player.vimeo.com\/api\/player.js\"><\/script><\/p>\n<ul>\n<li>Cr\u00e9ation d&rsquo;un book trailer sur <em>Snotgirl<\/em> de Leslie Hung et Bryan Lee O&rsquo;Malley.<\/li>\n<\/ul>\n<div style=\"padding: 56.25% 0 0 0; position: relative;\"><iframe style=\"position: absolute; top: 0; left: 0; width: 100%; height: 100%;\" title=\"La Pivoine\" src=\"https:\/\/player.vimeo.com\/video\/191053128?badge=0&amp;autopause=0&amp;player_id=0&amp;app_id=58479&amp;h=c6c463be11\" frameborder=\"0\" allowfullscreen=\"allowfullscreen\"><\/iframe><\/div>\n<p><script src=\"https:\/\/player.vimeo.com\/api\/player.js\"><\/script><\/p>\n<ul>\n<li>Travail en groupe sur \u00ab\u00a0Histoire de&#8230;\u00a0\u00bb \u00e0 ICAN Design, projet de fin d&rsquo;ann\u00e9e (2\u00e8me ann\u00e9e Animation Num\u00e9rique). En charge de l&rsquo;animation et de cr\u00e9ation de props.<\/li>\n<\/ul>\n<\/div>\n<div style=\"clear: both;\"><hr>\n<p><strong>Workshop<\/strong><\/p>\n<p>Pour notre projet, nous avons cr\u00e9e M\u00e9li O Chaud, une association fictive \u00e0 but non-lucratif, qui recycle des v\u00eatements issus de dons et \u00e0 partir desquels elle fabrique des couvertures pour les sans-abris en p\u00e9riode de grand froid.<\/p>\n<p>Lors du workshop, nous avons cr\u00e9e sa charte graphique, ses affiches, ses flyers, cartes de remerciements, livret de projet, &#8230;<\/p>\n<div style=\"display: flex; justify-content: space-between;\"><img loading=\"lazy\" decoding=\"async\" style=\"margin: 10px;\" src=\"https:\/\/soalandy.com\/wp-content\/uploads\/2021\/09\/Affiche1.png\" width=\"200\" height=\"280\"><br><img loading=\"lazy\" decoding=\"async\" style=\"margin: 10px;\" src=\"https:\/\/soalandy.com\/wp-content\/uploads\/2021\/09\/Affiche2.png\" width=\"200\" height=\"280\"><br><img loading=\"lazy\" decoding=\"async\" style=\"margin: 10px;\" src=\"https:\/\/soalandy.com\/wp-content\/uploads\/2021\/09\/Affiche3.png\" width=\"200\" height=\"280\"><br><img loading=\"lazy\" decoding=\"async\" style=\"margin: 10px;\" src=\"https:\/\/soalandy.com\/wp-content\/uploads\/2021\/09\/Affiche4.png\" width=\"200\" height=\"280\"><\/div>\n<div style=\"display: flex; justify-content: space-between;\"><img decoding=\"async\" style=\"margin: 10px;\" src=\"https:\/\/soalandy.com\/wp-content\/uploads\/2021\/09\/Flyer1.png\" width=\"150\"><br><img decoding=\"async\" style=\"margin: 10px;\" src=\"https:\/\/soalandy.com\/wp-content\/uploads\/2021\/09\/Flyer2.png\" width=\"150\"><br><img decoding=\"async\" style=\"margin: 10px;\" src=\"https:\/\/soalandy.com\/wp-content\/uploads\/2021\/09\/Flyer3.png\" width=\"150\"><br><img decoding=\"async\" style=\"margin: 10px;\" src=\"https:\/\/soalandy.com\/wp-content\/uploads\/2021\/09\/Flyer4.png\" width=\"150\"><\/div>\n<div style=\"display: flex; justify-content: space-between;\"><img decoding=\"async\" style=\"margin: 10px;\" src=\"https:\/\/soalandy.com\/wp-content\/uploads\/2021\/09\/Illustration_sans_titre-1-2.png\" width=\"250\"><br><img decoding=\"async\" style=\"margin: 10px;\" src=\"https:\/\/soalandy.com\/wp-content\/uploads\/2021\/09\/Illustration_sans_titre-7.png\" width=\"250\"><br><img decoding=\"async\" style=\"margin: 10px;\" src=\"https:\/\/soalandy.com\/wp-content\/uploads\/2021\/09\/Illustration_sans_titre-9.png\" width=\"250\"><br><img decoding=\"async\" style=\"margin: 10px;\" src=\"https:\/\/soalandy.com\/wp-content\/uploads\/2021\/09\/Illustration_sans_titre-10.png\" width=\"250\"><\/div>\n<p>J&rsquo;\u00e9tais en charge des illustrations affiches et ajout\u00e9es sur les portraits fondateurs de l&rsquo;association.<\/p>\n<p style=\"text-align: =;\"><em>Travaux personnels<\/em><\/p>\n<div style=\"display: flex; justify-content: space-between;\"><img loading=\"lazy\" decoding=\"async\" class=\"alignnone size-medium wp-image-5731\" src=\"https:\/\/soalandy.com\/wp-content\/uploads\/2022\/02\/RABESON-Soalandy-G2C-V2-212x300.png\" alt=\"\" width=\"212\" height=\"300\" srcset=\"https:\/\/soalandy.com\/wp-content\/uploads\/2022\/02\/RABESON-Soalandy-G2C-V2-212x300.png 212w, https:\/\/soalandy.com\/wp-content\/uploads\/2022\/02\/RABESON-Soalandy-G2C-V2.png 595w\" sizes=\"auto, (max-width: 212px) 100vw, 212px\" \/> <img loading=\"lazy\" decoding=\"async\" class=\"alignnone size-medium wp-image-5734\" src=\"https:\/\/soalandy.com\/wp-content\/uploads\/2022\/02\/G3C_RABESON-Soalandy_BBMIX-212x300.png\" alt=\"\" width=\"212\" height=\"300\" srcset=\"https:\/\/soalandy.com\/wp-content\/uploads\/2022\/02\/G3C_RABESON-Soalandy_BBMIX-212x300.png 212w, https:\/\/soalandy.com\/wp-content\/uploads\/2022\/02\/G3C_RABESON-Soalandy_BBMIX-724x1024.png 724w, https:\/\/soalandy.com\/wp-content\/uploads\/2022\/02\/G3C_RABESON-Soalandy_BBMIX-768x1086.png 768w, https:\/\/soalandy.com\/wp-content\/uploads\/2022\/02\/G3C_RABESON-Soalandy_BBMIX-1086x1536.png 1086w, https:\/\/soalandy.com\/wp-content\/uploads\/2022\/02\/G3C_RABESON-Soalandy_BBMIX-1448x2048.png 1448w\" sizes=\"auto, (max-width: 212px) 100vw, 212px\" \/> <img loading=\"lazy\" decoding=\"async\" class=\"alignnone size-medium wp-image-5735\" src=\"https:\/\/soalandy.com\/wp-content\/uploads\/2022\/02\/G3C_RABESON-Soalandy_Future-Food-1-214x300.png\" alt=\"\" width=\"214\" height=\"300\" srcset=\"https:\/\/soalandy.com\/wp-content\/uploads\/2022\/02\/G3C_RABESON-Soalandy_Future-Food-1-214x300.png 214w, https:\/\/soalandy.com\/wp-content\/uploads\/2022\/02\/G3C_RABESON-Soalandy_Future-Food-1-731x1024.png 731w, https:\/\/soalandy.com\/wp-content\/uploads\/2022\/02\/G3C_RABESON-Soalandy_Future-Food-1-768x1076.png 768w, https:\/\/soalandy.com\/wp-content\/uploads\/2022\/02\/G3C_RABESON-Soalandy_Future-Food-1-1097x1536.png 1097w, https:\/\/soalandy.com\/wp-content\/uploads\/2022\/02\/G3C_RABESON-Soalandy_Future-Food-1-1462x2048.png 1462w\" sizes=\"auto, (max-width: 214px) 100vw, 214px\" \/> <img loading=\"lazy\" decoding=\"async\" class=\"size-medium wp-image-5736 alignnone\" src=\"https:\/\/soalandy.com\/wp-content\/uploads\/2022\/02\/G3C_RABESON-Soalandy_Future-Food-2-300x300.png\" alt=\"\" width=\"300\" height=\"300\" srcset=\"https:\/\/soalandy.com\/wp-content\/uploads\/2022\/02\/G3C_RABESON-Soalandy_Future-Food-2-300x300.png 300w, https:\/\/soalandy.com\/wp-content\/uploads\/2022\/02\/G3C_RABESON-Soalandy_Future-Food-2-1024x1024.png 1024w, https:\/\/soalandy.com\/wp-content\/uploads\/2022\/02\/G3C_RABESON-Soalandy_Future-Food-2-150x150.png 150w, https:\/\/soalandy.com\/wp-content\/uploads\/2022\/02\/G3C_RABESON-Soalandy_Future-Food-2-768x768.png 768w, https:\/\/soalandy.com\/wp-content\/uploads\/2022\/02\/G3C_RABESON-Soalandy_Future-Food-2-1536x1536.png 1536w, https:\/\/soalandy.com\/wp-content\/uploads\/2022\/02\/G3C_RABESON-Soalandy_Future-Food-2-2048x2048.png 2048w, https:\/\/soalandy.com\/wp-content\/uploads\/2022\/02\/G3C_RABESON-Soalandy_Future-Food-2-800x800.png 800w\" sizes=\"auto, (max-width: 300px) 100vw, 300px\" \/><\/div>\n<p>&nbsp;<\/p>\n<p><strong>Illustrations<\/strong>&nbsp;<\/p>\n<\/div>\n\n\nngg_shortcode_0_placeholder\n","protected":false},"excerpt":{"rendered":"<p>Je suis Soalandy Rabeson, graphiste multim\u00e9dia sp\u00e9cialis\u00e9e en motion design. Diplom\u00e9e de LISAA Design Paris. Animations Projet de stage, cr\u00e9ation de trois vid\u00e9os autour du concept de Y&rsquo;acajouer.&nbsp; Travail en groupe sur le g\u00e9n\u00e9rique de film, projet de fin d&rsquo;ann\u00e9e en 2\u00e8me ann\u00e9e de motion design \u00e0 LISAA. Travail seul sur l&rsquo;abstraction en 2\u00e8me ann\u00e9e [&hellip;]<\/p>\n","protected":false},"author":1,"featured_media":0,"parent":0,"menu_order":3,"comment_status":"closed","ping_status":"closed","template":"fullwidth-page.php","meta":{"ngg_post_thumbnail":0,"footnotes":""},"class_list":["post-100","page","type-page","status-publish","hentry"],"_links":{"self":[{"href":"https:\/\/soalandy.com\/index.php?rest_route=\/wp\/v2\/pages\/100","targetHints":{"allow":["GET"]}}],"collection":[{"href":"https:\/\/soalandy.com\/index.php?rest_route=\/wp\/v2\/pages"}],"about":[{"href":"https:\/\/soalandy.com\/index.php?rest_route=\/wp\/v2\/types\/page"}],"author":[{"embeddable":true,"href":"https:\/\/soalandy.com\/index.php?rest_route=\/wp\/v2\/users\/1"}],"replies":[{"embeddable":true,"href":"https:\/\/soalandy.com\/index.php?rest_route=%2Fwp%2Fv2%2Fcomments&post=100"}],"version-history":[{"count":100,"href":"https:\/\/soalandy.com\/index.php?rest_route=\/wp\/v2\/pages\/100\/revisions"}],"predecessor-version":[{"id":5775,"href":"https:\/\/soalandy.com\/index.php?rest_route=\/wp\/v2\/pages\/100\/revisions\/5775"}],"wp:attachment":[{"href":"https:\/\/soalandy.com\/index.php?rest_route=%2Fwp%2Fv2%2Fmedia&parent=100"}],"curies":[{"name":"wp","href":"https:\/\/api.w.org\/{rel}","templated":true}]}}